{"id":25,"date":"2014-11-07T18:18:01","date_gmt":"2014-11-07T16:18:01","guid":{"rendered":"http:\/\/archefilderstadt.de\/?page_id=25"},"modified":"2025-03-18T18:03:43","modified_gmt":"2025-03-18T17:03:43","slug":"termine","status":"publish","type":"page","link":"https:\/\/archefilderstadt.de\/?page_id=25","title":{"rendered":"Schlie\u00dfzeiten"},"content":{"rendered":"\n<div style=\"text-align:justify;\"><table><tr><th>23.12.2024 &#8211; 06.01.2025<\/th><th>Schlie\u00dfung \u00fcber Jahreswechsel<\/th><\/tr><tr><th>22.04.2025 &#8211; 25.04.2025<\/th><th>Fortbildungswoche<\/th><\/tr><tr><th>02.05.2025<\/th><th>Br\u00fcckentag<\/th><\/tr><tr><th>30.05.2025<\/th><th>Regenarationstag<\/th><\/tr><tr><th>20.06.2025<\/th><th>Br\u00fcckentag<\/th><\/tr><tr><th>18.08.2025 &#8211; 29.08.2025<\/th><th>Sommer-Schlie\u00dfung<\/th><\/tr><tr><th>02.10.2025<\/th><th>Regenarationstag<\/th><\/tr><tr><th>22.12.2025 &#8211; 06.01.2026<\/th><th>Schlie\u00dfung \u00fcber Jahreswechsel<\/th><\/tr><\/table><\/div>\n","protected":false},"excerpt":{"rendered":"<p>23.12.2024 &#8211; 06.01.2025 Schlie\u00dfung \u00fcber Jahreswechsel 22.04.2025 &#8211; 25.04.2025 Fortbildungswoche 02.05.2025 Br\u00fcckentag 30.05.2025 Regenarationstag 20.06.2025 Br\u00fcckentag 18.08.2025 &#8211; 29.08.2025 Sommer-Schlie\u00dfung 02.10.2025 Regenarationstag 22.12.2025 &#8211; 06.01.2026 Schlie\u00dfung \u00fcber Jahreswechsel<\/p>\n","protected":false},"author":1,"featured_media":0,"parent":0,"menu_order":0,"comment_status":"closed","ping_status":"closed","template":"","meta":{"footnotes":""},"class_list":["post-25","page","type-page","status-publish","hentry"],"_links":{"self":[{"href":"https:\/\/archefilderstadt.de\/index.php?rest_route=\/wp\/v2\/pages\/25"}],"collection":[{"href":"https:\/\/archefilderstadt.de\/index.php?rest_route=\/wp\/v2\/pages"}],"about":[{"href":"https:\/\/archefilderstadt.de\/index.php?rest_route=\/wp\/v2\/types\/page"}],"author":[{"embeddable":true,"href":"https:\/\/archefilderstadt.de\/index.php?rest_route=\/wp\/v2\/users\/1"}],"replies":[{"embeddable":true,"href":"https:\/\/archefilderstadt.de\/index.php?rest_route=%2Fwp%2Fv2%2Fcomments&post=25"}],"version-history":[{"count":119,"href":"https:\/\/archefilderstadt.de\/index.php?rest_route=\/wp\/v2\/pages\/25\/revisions"}],"predecessor-version":[{"id":13821,"href":"https:\/\/archefilderstadt.de\/index.php?rest_route=\/wp\/v2\/pages\/25\/revisions\/13821"}],"wp:attachment":[{"href":"https:\/\/archefilderstadt.de\/index.php?rest_route=%2Fwp%2Fv2%2Fmedia&parent=25"}],"curies":[{"name":"wp","href":"https:\/\/api.w.org\/{rel}","templated":true}]}}